on factor of 16 and b?
16
Let c = -185 - -269. What is the greatest common factor of c and 56?
28
Let r(v) be the second derivative of v**4/12 + v**3/2 - 3*v**2 + 3*v. Let q be r(-7). What is the highest common factor of q and 198?
22
Let s = -162 + 170. Calculate the greatest common divisor of s and 4.
4
Let j be (-2)/(-13) - 568/(-26). What is the highest common divisor of 242 and j?
22
Let a be 3/(-6)*(1 + -1). Suppose a*g - 22 = -g. Calculate the highest common divisor of g and 33.
11
Let o = -119 - -207. Calculate the highest common divisor of 11 and o.
11
Let w be 112*(4 + -3)/2. Calculate the greatest common divisor of 84 and w.
28
Let p(g) = g**3 + 9*g**2 + 9*g + 13. Let x be p(-7). What is the greatest common factor of x and 64?
16
Let z be (-1)/(1/6*2). Let r be 1*(1 - (z - 13)). Calculate the greatest common factor of r and 17.
17
Suppose 4 = 4*d - 16. What is the greatest common factor of d and 40?
5
Let k be 2/8 - 158/(-8). Suppose 0 = -5*a + 292 + 163. Let x = -31 + a. What is the highest common divisor of x and k?
20
Suppose -4*p - 40 = -4*y, -2*y = -5*y + 4*p + 34. Suppose 0 = -h - h + 4. What is the highest common divisor of h and y?
2
Let s be 1*3 - (1 - 2). Suppose 4*m = 2*m + s. Suppose 86 = 4*a + g, a + 12*g = 11*g + 20. Calculate the greatest common factor of m and a.
2
Suppose -5*o = -4*u - 110, -3*u + 7*u + 56 = 2*o. What is the highest common divisor of o and 9?
9
Suppose -161 = -5*b - 5*h - 36, h = -2*b + 54. Let x = -363 + 595. Calculate the highest common divisor of x and b.
29
Let y(p) = -p**3 - p - 8. Let i be y(0). Let j be ((-36)/i - 2)*6. What is the greatest common factor of 45 and j?
15
Let g(k) = -3*k**3 + 3*k**2 + k + 3. Suppose 0 = q - 0*q + 1. Let m = q + -2. Let h be g(m). What is the greatest common factor of 12 and h?
12
Let o(j) = -j**3 - 4 - 8*j**2 + 4*j + j**2 - 5*j. Let b be o(-7). Suppose -z + 4*r + 11 = -12, r = 1. What is the greatest common factor of z and b?
3
Suppose -21*w + 11*w = -520. Calculate the greatest common factor of w and 572.
52
Let g = 32 + -10. Suppose -g = -4*o + 2. What is the highest common factor of o and 66?
6
Let t be (46/5)/(6/30). Suppose -4*h + t + 2 = 0. Let n be -192*2/4*-1. What is the highest common divisor of n and h?
12
Let t be -2 - 27/(1 + -2). Suppose -2*p + n - 3 = 0, 5*n - 4 = 2*p + 19. Let u be (-16)/8*(p - 76). What is the greatest common factor of u and t?
25
Let d(f) = f**3 - 8*f**2 + 7*f + 2. Let m be d(7). Let w = 8 + -12. Let x be 19 + 2 + (w - -1). Calculate the highest common factor of m and x.
2
Let t(r) = -r**3 - 3*r**2 - 5*r - 6. Let c be t(-3). What is the highest common divisor of 18 and c?
9
Suppose 5*j + 3*t = 67, -j - j - t = -26. Calculate the highest common factor of j and 44.
11
Let c = 44 - -99. What is the highest common factor of c and 13?
13
Let b(c) = c**3 + 5*c**2 + c - 5. Let u be b(-4). Let d(o) = -o**2 + 10*o - 2. Let k be d(u). Calculate the highest common divisor of 19 and k.
19
Suppose 2*r = 3*r - 1. Let d = 13 + r. What is the highest common factor of 14 and d?
14
Suppose -22 = -3*a + 2*c + 3*c, -5*a + 12 = 4*c. Suppose -a*j - p = -38 - 23, 3*j - 40 = 5*p. What is the greatest common factor of 5 and j?
5
Let i be (6/4)/((-3)/4). Let o be 36/10 - i/5. Calculate the highest common factor of o and 6.
2
Let o be -3 + (4 - -1) + 3. Let u = 1 - o. Let x be u/(-14) + (-292)/(-7). What is the highest common divisor of x and 105?
21
Let a = 12 + 1. What is the greatest common divisor of a and 65?
13
Let t = -40 - -69. Suppose 2*d = -5*z + 19, z = 2*d - 4*z - t. Let j = 7 + -4. What is the highest common divisor of d and j?
3
Let u be (-2)/9 + (-2)/(-9). Suppose u = -v + 2 + 4. Suppose -5*n - 4*j + 0*j - 7 = 0, -5*n + 3*j = -14. What is the highest common divisor of n and v?
1
Suppose 4 + 4 = 5*q + 3*c, 5*c + 24 = q. Suppose 2*o + q*z = 76, 2*z = -0*o + 3*o - 98. What is the highest common factor of 85 and o?
17
Suppose 4*w - 8 = 2*g, 6 + 2 = 4*w - 3*g. Suppose 0 = 5*l - w - 3. Let b be (-3 + l)/((-4)/6). Calculate the greatest common divisor of 2 and b.
1
Let q = 122 + 65. Calculate the greatest common divisor of q and 17.
17
Let p = -50 + 26. Let m be 2406/p + 2/8. Let k = -60 - m. Calculate the greatest common factor of k and 8.
8
Let n be (-10)/5*8/2. Suppose 5*x + 6 = 116. Let p = x + n. What is the highest common factor of 35 and p?
7
Let a be 4 + (-1)/1 + -1. Suppose 0*f - 2 = a*f. Let z(j) = -3*j + 1. Let r be z(f). What is the highest common factor of 32 and r?
4
Suppose g + 3*g + 64 = 0. Let c = 34 + g. Suppose q - c = 2. What is the highest common factor of 30 and q?
10
Suppose 5*w + 2*b - 7*b - 210 = 0, 93 = 2*w + b. Calculate the greatest common factor of 9 and w.
9
Suppose 2*b - 184 = 614. Suppose -7*c = -b - 21. Suppose 5*t - 15 = 4*t. What is the highest common factor of c and t?
15
Let i = -30 + 37. What is the greatest common divisor of 56 and i?
7
Suppose 0 = 6*y + y - 35. Let u(j) = j**2 + j - 4. Let i be u(-3). Suppose q - 18 = -q - 2*t, 18 = i*q + y*t. Calculate the greatest common factor of 18 and q.
9
Suppose 5*k - 45 = 3*z, 3*k - 23 = 3*z + 10. Let u = -49 - -40. Let l be u/(-3) - k - -43. Calculate the greatest common divisor of 5 and l.
5
Suppose 7*g - 2*g - 35 = 0. Calculate the greatest common divisor of g and 1.
1
Suppose 5*q - 180 = 2*p, -2*q + 7*q + p = 180. Let s be 24 + (3 - 1) + -2. Let t be (-1)/4 - (-222)/s. Calculate the greatest common factor of q and t.
9
Let p = -69 + 89. Calculate the greatest common divisor of 20 and p.
20
Let s(o) = -6*o**2 + 10*o**2 + 3*o**2. Let t be s(1). Suppose -47 = -2*h - t. What is the greatest common factor of h and 30?
10
Let l(i) = -i**3 + 32*i**2 - 59*i - 20. Let x be l(30). Suppose -3*c - 60 = -6*c. Calculate the greatest common factor of x and c.
10
Suppose -4*i = 26*b - 27*b + 77, -3*b - 2*i = -161. Let s(a) = 4*a**2 - a - 1. Let l be s(-3). Calculate the greatest common divisor of b and l.
19
Suppose -2*c - 3 = -8*n + 3*n, 4*c + 21 = -5*n. Let i be 178/3*(-18)/c. Let x = -171 + i. Calculate the highest common divisor of 12 and x.
12
Let l be (-6)/27 + (-2156)/18. Let t = -43 - l. Suppose -t + 9 = -4*p. What is the highest common factor of p and 17?
17
Let b = -20 + 30. Let x(p) = p**3 + 15*p**2 + 14*p + 15. Let s be x(-14). What is the greatest common factor of s and b?
5
Let o(d) = -4*d**3 + d**2 - 4*d - 3. Let g be o(-3). Calculate the highest common factor of g and 18.
18
Let n = -21 + 29. Let q(w) = -w**2 + 9*w + 10. Let r be q(7). What is the highest common divisor of r and n?
8
Let l be (-2)/(-8) + (-45)/(-12). Let d be (11/(-4))/((-1)/l). Calculate the greatest common divisor of 121 and d.
11
Suppose 3*z + 2*z = 10. Suppose f + 2*q = -2*f + 304, -4*f - z*q = -408. What is the greatest common factor of f and 13?
13
Suppose 4*l - 7*l + 273 = 0. What is the highest common factor of 13 and l?
13
Let c = 58 + -52. Suppose -2*h + 1 = -q + 7, 27 = 2*q + h. Calculate the greatest common factor of q and c.
6
Suppose i - 8 = -5*t, 3*t = 3*i + t - 58. Suppose 5*k = 0, -3*c - 3*k = -k + i. Let u be (11/2)/((-3)/c). Calculate the greatest common divisor of u and 11.
11
Let v(p) = 2*p**2 + 7*p - 19. Let d be v(-9). Suppose -4*x = 2*w - 40 + 16, -5*w + 86 = -3*x. Calculate the greatest common factor of d and w.
16
Let j be (-5 + 5)/(-2 - 0). Suppose 0 = -j*k - 4*k + 156. What is the highest common factor of 13 and k?
13
Let g be (-4)/(-26) - 824/(-52). Let u be 57/12 - 1/(-4). Suppose -18 = -3*m - m + 2*j, -u*m - 4*j = -16. Calculate the highest common factor of m and g.
4
Let i be 4/10 + 36/10. Let f be (-2)/(-3)*3 - -10. Calculate the greatest common factor of f and i.
4
Suppose 4*f - 144 = -5*r + r, 3*r = 12. Let p = 12 + -4. What is the highest common factor of p and f?
8
Suppose 0 = 5*p + 15, -n + 5*p + 63 = 3*n. Let c = n - -12. Calculate the greatest common divisor of c and 6.
6
Let o = -17 + 38. Let d(u) = 20*u**3 + u**2 + 2*u. Suppose -4*b - 2 = -x + b, 4*b = 3*x - 6. Let q be d(x). Calculate the greatest common divisor of q and o.
21
Let j be -4 + -4 + (-3 - 0). Let x = 59 + j. Calculate the highest common factor of 6 and x.
6
Suppose -220*k - 172 = -224*k. Calculate the highest common factor of k and 387.
43
Let b = 62 + -35. Suppose 2*o = h + 431, 3*h 